git of 2286351?
2
What is the hundred thousands digit of 29347790?
3
What is the hundreds digit of 1377989?
9
What is the tens digit of 3507891?
9
What is the tens digit of 20372020?
2
What is the hundreds digit of 666258?
2
What is the hundreds digit of 1879862?
8
What is the units digit of 7716647?
7
What is the hundred thousands digit of 149459?
1
What is the thousands digit of 502359?
2
What is the ten thousands digit of 64196?
6
What is the hundred thousands digit of 1744428?
7
What is the thousands digit of 328399?
8
What is the units digit of 6848143?
3
What is the hundreds digit of 1396054?
0
What is the units digit of 190264?
4
What is the tens digit of 665483?
8
What is the tens digit of 1030295?
9
What is the ten thousands digit of 39531?
3
What is the ten thousands digit of 257800?
5
What is the units digit of 565436?
6
What is the thousands digit of 295675?
5
What is the units digit of 80890?
0
What is the thousands digit of 1426883?
6
What is the hundred thousands digit of 119710?
1
What is the hundreds digit of 4102495?
4
What is the ten thousands digit of 60158?
6
What is the hundred thousands digit of 1684633?
6
What is the hundred thousands digit of 246895?
2
What is the hundred thousands digit of 226282?
2
What is the hundred thousands digit of 139849?
1
What is the thousands digit of 2094531?
4
What is the tens digit of 9915218?
1
What is the hundred thousands digit of 190436?
1
What is the millions digit of 1415991?
1
What is the ten thousands digit of 1801411?
0
What is the tens digit of 5440263?
6
What is the ten thousands digit of 598313?
9
What is the thousands digit of 11437576?
7
What is the hundred thousands digit of 542962?
5
What is the tens digit of 697502?
0
What is the tens digit of 735783?
8
What is the units digit of 650812?
2
What is the hundred thousands digit of 17571247?
5
What is the units digit of 308056?
6
What is the ten thousands digit of 472932?
7
What is the units digit of 3479722?
2
What is the ten thousands digit of 38877?
3
What is the tens digit of 1153375?
7
What is the thousands digit of 4023710?
3
What is the units digit of 104762?
2
What is the units digit of 8992?
2
What is the tens digit of 193804?
0
What is the thousands digit of 680028?
0
What is the tens digit of 267852?
5
What is the units digit of 834672?
2
What is the units digit of 135934?
4
What is the millions digit of 16225847?
6
What is the hundred thousands digit of 3688444?
6
What is the ten thousands digit of 134547?
3
What is the units digit of 18968609?
9
What is the tens digit of 9665898?
9
What is the ten thousands digit of 18782766?
8
What is the hundred thousands digit of 1869755?
8
What is the units digit of 1734171?
1
What is the ten thousands digit of 175457?
7
What is the ten thousands digit of 271839?
7
What is the ten thousands digit of 3622202?
2
What is the ten thousands digit of 1755412?
5
What is the millions digit of 15391193?
5
What is the hundreds digit of 4562411?
4
What is the hundreds digit of 133739?
7
What is the thousands digit of 119981?
9
What is the tens digit of 9372303?
0
What is the millions digit of 10863579?
0
What is the tens digit of 231063?
6
What is the hundred thousands digit of 8967354?
9
What is the units digit of 11313372?
2
What is the thousands digit of 4038886?
8
What is the thousands digit of 15145937?
5
What is the ten thousands digit of 5951783?
5
What is the thousands digit of 1749321?
9
What is the thousands digit of 689326?
9
What is the tens digit of 5555035?
3
What is the tens digit of 381079?
7
What is the millions digit of 3071142?
3
What is the tens digit of 1811416?
1
What is the tens digit of 20972350?
5
What is the ten thousands digit of 248335?
4
What is the units digit of 3404932?
2
What is the thousands digit of 970584?
0
What is the tens digit of 43020?
2
What is the thousands digit of 10735337?
5
What is the units digit of 350032?
2
What is the units digit of 211858?
8
What is the hundred thousands digit of 1880621?
8
What is the units digit of 399631?
1
What is the hundred thousands digit of 497355?
4
What is the ten thousands digit of 869933?
6
What is the hundred thousands digit of 6242530?
2
What is the hundreds digit of 4393371?
3
What is the ten thousands digit of 20645470?
4
What is the millions digit of 16334740?
6
What is the ten thousands digit of 2947841?
4
What is the thousands digit of 1796231?
6
What is the tens digit of 3840893?
9
What is the units digit of 1044625?
5
What is the ten thousands digit of 18339?
1
What is the units digit of 176084?
4
What is the units digit of 4639092?
2
What is the ten thousands digit of 682908?
8
What is the ten thousands digit of 359014?
5
What is the millions digit of 1168049?
1
What is the hundreds digit of 20428089?
0
What is the hundred thousands digit of 13100802?
1
What is the hundreds digit of 6159187?
1
What is the hundreds digit of 1594600?
6
What is the tens digit of 1179133?
3
What is the units digit of 248239?
9
What is the units digit of 4327882?
2
What is the millions digit of 1533181?
1
What is the units digit of 2474637?
7
What is the thousands digit of 3529487?
9
What is the units digit of 603605?
5
What is the ten thousands digit of 118235?
1
What is the units digit of 74290?
0
What is the ten thousands digit of 236243?
3
What is the tens digit of 2557903?
0
What is the hundreds digit of 2167319?
3
What is the units digit of 136300?
0
What is the hundred thousands digit of 12960198?
9
What is the units digit of 269269?
9
What is the hundred thousands digit of 223123?
2
What is the tens digit of 56167?
6
What is the ten thousands digit of 221399?
2
What is the ten thousands digit of 2338124?
3
What is the hundred thousands digit of 701569?
7
What is the hundreds digit of 568948?
9
What is the units digit of 21076887?
7
What is the tens digit of 1498679?
7
What is the ten thousands digit of 322650?
2
What is the units digit of 992251?
1
What is the thousands digit of 332815?
2
What is the ten thousands digit of 51073?
5
What is the hundreds digit of 667052?
0
What is the ten thousands digit of 383686?
8
What is the hundreds digit of 1713879?
8
What is the ten thousands digit of 130101?
3
What is the hundred thousands digit of 865277?
8
What is the units digit of 3956941?
1
What is the thousands digit of 1830952?
0
What is the tens digit of 826041?
4
What is the hundreds digit of 20854352?
3
What is the hundreds digit of 40501?
5
What is the units digit of 9092506?
6
What is the tens digit of 7229155?
5
What is the millions digit of 10666239?
0
What is the units digit of 522556?
6
What is the thousands digit of 195646?
5
What is the millions digit of 2198771?
2
What is the thousands digit of 501659?
1
What is the units digit of 225792?
2
What is the thousands digit of 120511?
0
What is the thousands digit of 30285796?
5
What is the units digit of 782799?
9
What is the thousands digit of 988089?
8
What is the tens digit of 199969?
6
What is the thousands digit of 3073494?
3
What is the hundred thousands digit of 484284?
4
What is the ten thousands digit of 16446?
1
What is the millions digit of 8807886?
8
What is the hundred thousands digit of 4977610?
9
What is the units digit of 936068?
8
What is the millions digit of 10423987?
0
What is the units digit of 3273537?
7
What is the hundreds digit of 6928120?
1
What is the hundreds digit of 100728?
7
What is the hundreds digit of 16739?
7
What is the hundreds digit of 126871?
8
What is the hundreds digit of 76056?
0
What is the units digit of 6520466?
6
What is the units digit of 360991?
1
What is the hundreds digit of 216609?
6
What is the thousands digit of 11747692?
7
What is the units digit of 2977323?
3
What is the thousands digit of 887380?
7
What is the millions digit of 5389442?
5
What is the tens digit of 47006?
0
What is the ten thousands digit of 77892?
7
What is the thousands digit of 142398?
2
What is the thousands digit of 34092?
4
What is the tens digit of 107978?
7
What is the millions digit of 1902136?
1
What is the hundred thousands digit of 572823?
5
What is the units digit of 200821?
1
What is the thousands digit of 433647?
3
What is the units digit of 490422?
2
What is the tens digit of 16844462?
6
What is the millions digit of